 digit of 217?
7
What is the hundreds digit of 10951?
9
What is the thousands digit of 16139?
6
What is the tens digit of 14715?
1
What is the hundreds digit of 28101?
1
What is the tens digit of 152?
5
What is the units digit of 520?
0
What is the tens digit of 217?
1
What is the units digit of 14451?
1
What is the hundreds digit of 3875?
8
What is the units digit of 54135?
5
What is the tens digit of 4638?
3
What is the tens digit of 6644?
4
What is the units digit of 19?
9
What is the thousands digit of 1923?
1
What is the hundreds digit of 16811?
8
What is the hundreds digit of 7117?
1
What is the units digit of 457?
7
What is the tens digit of 1181?
8
What is the tens digit of 31755?
5
What is the units digit of 495?
5
What is the hundreds digit of 2767?
7
What is the tens digit of 37920?
2
What is the hundreds digit of 2418?
4
What is the tens digit of 12420?
2
What is the units digit of 878?
8
What is the hundreds digit of 6115?
1
What is the thousands digit of 2726?
2
What is the thousands digit of 17465?
7
What is the ten thousands digit of 31342?
3
What is the thousands digit of 4725?
4
What is the hundreds digit of 39255?
2
What is the hundreds digit of 9140?
1
What is the thousands digit of 55455?
5
What is the thousands digit of 33615?
3
What is the thousands digit of 8227?
8
What is the tens digit of 380?
8
What is the hundreds digit of 861?
8
What is the hundreds digit of 849?
8
What is the tens digit of 3098?
9
What is the hundreds digit of 1067?
0
What is the thousands digit of 28005?
8
What is the thousands digit of 1637?
1
What is the units digit of 3486?
6
What is the hundred thousands digit of 138675?
1
What is the hundreds digit of 104737?
7
What is the tens digit of 11475?
7
What is the hundreds digit of 803?
8
What is the units digit of 61?
1
What is the thousands digit of 4743?
4
What is the thousands digit of 6661?
6
What is the hundreds digit of 69438?
4
What is the thousands digit of 1440?
1
What is the units digit of 1334?
4
What is the hundreds digit of 1912?
9
What is the thousands digit of 4240?
4
What is the units digit of 2656?
6
What is the ten thousands digit of 19923?
1
What is the units digit of 1019?
9
What is the tens digit of 5418?
1
What is the hundreds digit of 15360?
3
What is the ten thousands digit of 10355?
1
What is the units digit of 125683?
3
What is the ten thousands digit of 56140?
5
What is the thousands digit of 1796?
1
What is the units digit of 7765?
5
What is the thousands digit of 5196?
5
What is the tens digit of 68?
6
What is the hundreds digit of 338?
3
What is the units digit of 6080?
0
What is the units digit of 5198?
8
What is the units digit of 10922?
2
What is the hundreds digit of 306?
3
What is the thousands digit of 1566?
1
What is the units digit of 12627?
7
What is the tens digit of 434?
3
What is the tens digit of 5567?
6
What is the units digit of 784?
4
What is the units digit of 108711?
1
What is the units digit of 1742?
2
What is the units digit of 2032?
2
What is the thousands digit of 1651?
1
What is the tens digit of 614?
1
What is the units digit of 3738?
8
What is the units digit of 444?
4
What is the hundreds digit of 148?
1
What is the hundreds digit of 4330?
3
What is the units digit of 99782?
2
What is the units digit of 1366?
6
What is the hundreds digit of 43989?
9
What is the hundreds digit of 507?
5
What is the units digit of 56371?
1
What is the hundreds digit of 113?
1
What is the units digit of 751?
1
What is the tens digit of 628?
2
What is the hundreds digit of 4645?
6
What is the units digit of 15240?
0
What is the thousands digit of 2924?
2
What is the hundreds digit of 920?
9
What is the tens digit of 5204?
0
What is the ten thousands digit of 86924?
8
What is the units digit of 284?
4
What is the thousands digit of 1655?
1
What is the hundreds digit of 90168?
1
What is the hundreds digit of 1559?
5
What is the hundred thousands digit of 115887?
1
What is the hundreds digit of 9922?
9
What is the hundreds digit of 3350?
3
What is the hundreds digit of 1475?
4
What is the units digit of 3669?
9
What is the hundreds digit of 5603?
6
What is the hundreds digit of 3732?
7
What is the hundreds digit of 1851?
8
What is the units digit of 4006?
6
What is the hundreds digit of 4751?
7
What is the units digit of 7?
7
What is the ten thousands digit of 22473?
2
What is the thousands digit of 1032?
1
What is the units digit of 34032?
2
What is the units digit of 47?
7
What is the hundreds digit of 135287?
2
What is the ten thousands digit of 12678?
1
What is the ten thousands digit of 19486?
1
What is the hundreds digit of 1235?
2
What is the units digit of 158?
8
What is the units digit of 14756?
6
What is the units digit of 24950?
0
What is the units digit of 3030?
0
What is the units digit of 1237?
7
What is the units digit of 2385?
5
What is the hundreds digit of 1249?
2
What is the units digit of 623?
3
What is the thousands digit of 33932?
3
What is the units digit of 2309?
9
What is the units digit of 2610?
0
What is the tens digit of 8776?
7
What is the units digit of 820?
0
What is the thousands digit of 5954?
5
What is the tens digit of 2983?
8
What is the thousands digit of 5693?
5
What is the thousands digit of 1012?
1
What is the tens digit of 437?
3
What is the hundreds digit of 449?
4
What is the thousands digit of 2046?
2
What is the tens digit of 2811?
1
What is the tens digit of 9014?
1
What is the tens digit of 1845?
4
What is the units digit of 14619?
9
What is the thousands digit of 13579?
3
What is the tens digit of 316?
1
What is the tens digit of 1555?
5
What is the units digit of 4166?
6
What is the tens digit of 2675?
7
What is the hundreds digit of 13116?
1
What is the hundreds digit of 25824?
8
What is the units digit of 2441?
1
What is the ten thousands digit of 23005?
2
What is the tens digit of 207?
0
What is the hundreds digit of 1929?
9
What is the tens digit of 2423?
2
What is the hundreds digit of 129488?
4
What is the hundreds digit of 3796?
7
What is the units digit of 2099?
9
What is the tens digit of 465?
6
What is the units digit of 52627?
7
What is the hundreds digit of 1129?
1
What is the units digit of 2395?
5
What is the thousands digit of 2108?
2
What is the thousands digit of 2674?
2
What is the tens digit of 4437?
3
What is the thousands digit of 7920?
7
What is the hundreds digit of 29303?
3
What is the hundreds digit of 14491?
4
What is the tens digit of 830?
3
What is the hundreds digit of 175?
1
What is the tens digit of 34551?
5
What is the hundreds digit of 918?
9
What is the hundred thousands digit of 129327?
1
What is the thousands digit of 37224?
7
What is the tens digit of 8942?
4
What is the hundreds digit of 597?
5
What is the tens digit of 1905?
0
What is the ten thousands digit of 68552?
6
What is the thousands digit of 1666?
1
What is the tens digit of 132?
3
What is the units digit of 4157?
7
What is the tens digit of 24252?
5
What is the hundreds digit of 9958?
9
What is the ten thousands digit of 23865?
2
What is the thousands digit of 34391?
4
What is the ten thousands digit of 61890?
6
What is the units digit of 1271?
1
What is the thousands digit of 1805?
1
What is the ten thousands digit of 27105?
2
What is the hundreds digit of 500?
5
What is the hundreds digit of 36423?
4
What is the thousands digit of 1869?
1
What is the hundreds digit of 86189?
1
What is the units digit of 9781?
1
What is the units digit of 1649?
9
What is the tens digit of 45482?
8
What is the thousands digit of 1857?
1
What is the thousands digit of 10469?
0
What is the thousands digit of 1779?
1
What is the units digit of 1802?
2
What is the thousands digit of 1101?
1
What is the units digit of 4776?
6
What is the tens digit of 174?
7
What is the thousands digit of 50767?
0
What is the units digit of 12077?
7
What is the units digit of 27357?
7
What is the tens digit of 1154?
5
What is the ten thousands digit of 12603?
1
What is the tens digit of 34804?
0
What is the tens digit of 105595?
9
What is the tens digit of 1386?
8
What is the tens digit of 24925?
2
What is the thousands digit of 5826?
5
What is the units digit of 253?
3
What is the tens digit of 3989?
8
What is the tens digit of 592?
9
What is the tens 